**3 - 2*u**2 + 65*u - 19. Is w(-16) a prime number?
False
Let q(n) = -n**3 + n + 1. Let s be q(-2). Suppose 2*v - s*v = -20. Suppose -4*o + v*m - m = -193, o - 58 = 4*m. Is o composite?
True
Let p(w) = w**3 - 4*w**2 + 5*w - 2. Let d be p(3). Suppose -10*g + d*g = -2358. Is g prime?
False
Suppose -306*f + 309*f = 33051. Is f a composite number?
True
Let o = -27 + 15. Let r be (-3)/(1 - (-8)/o). Let j = 1 - r. Is j prime?
False
Let k(c) = -3*c**3 - c**2 + 2*c + 2. Let d be k(-1). Is d*(0 - (-1508)/8) composite?
True
Let a(q) = -q**3 + 11*q**2 - 6*q - 5. Let y be a(11). Let o = 672 + y. Let x = o - 314. Is x a composite number?
True
Let n = -14 + 19. Suppose -u - 4*k = -1719 - 420, n*u - 2*k = 10739. Is u prime?
False
Suppose -5*r = 391 - 2706. Suppose -21 - 128 = -v - 4*d, -3*v - 4*d + r = 0. Is v composite?
False
Let i(j) = 2*j - 2. Let o(t) = t - 7. Let f be o(9). Let v be i(f). Is (-3 - (-4)/v)*-37 composite?
False
Suppose -38 = -5*g + 2. Let s = 15 - g. Let h = s + 3. Is h a prime number?
False
Let h(c) = 31*c**2 - 2*c - 2. Let i be h(-2). Suppose x + 2*w = 6*w + i, 2*w = -5*x + 608. Is x a prime number?
False
Let m(h) be the second derivative of h**3/3 + 9*h**2/2 + 5*h. Let s be m(-6). Is -3*2/s - -5 a prime number?
True
Let k(g) = 3*g - 18. Let o be k(6). Let p be 1/1 - (-1 + o). Suppose -p*y = y - 489. Is y composite?
False
Let p(f) = -68*f**3 - 7*f**2 - 2*f - 101. Is p(-8) a prime number?
True
Let d(m) = 2*m**3 + 4*m**2 - 4*m - 19. Let r = 18 + -11. Is d(r) prime?
False
Let c = 2667 - -4044. Is c a prime number?
False
Let t = 4915 - 2102. Is t a composite number?
True
Suppose -g = -204 + 77. Suppose 0 = 3*c - 8*c - 40. Is 0*(-4)/c + g prime?
True
Let p(z) = -2*z**3 + 3*z - 2. Let f be p(-2). Is f/36 - 9889/(-9) a composite number?
True
Let s(y) = -3421*y + 18. Is s(-7) composite?
True
Suppose -20218 = -78*p + 76*p. Is p prime?
False
Suppose 2*y + 5*k = 3, -k - 4*k - 6 = y. Suppose -2048 = -y*h + 103. Is h prime?
True
Let g = 3627 - 1347. Suppose -g = -4*n - n. Let c = n - 317. Is c prime?
True
Let d = -21 + 25. Suppose -2*t = -3*t + 4*p + 115, -4*t - d*p = -520. Is t a composite number?
False
Let g(c) = 71*c**2 - 27*c + 33. Is g(9) a composite number?
True
Suppose d + 2*d - 3 = 0. Let h be 3394/10 + 42/(-105). Is (h - 2)/(d + 0) composite?
False
Suppose -1774 - 1502 = 4*a. Let b = -2541 - -1385. Let z = a - b. Is z composite?
False
Let m = -19 + 23. Let f be m/1*-1 + 3552. Suppose 8*w = 4*w + f. Is w a composite number?
False
Suppose -197*y + 190*y = -3787. Is y composite?
False
Let s(z) = -2185*z + 332. Is s(-7) composite?
True
Let t = 27 - 157. Is (1 - t)/(2/6) prime?
False
Let v = 575 - -2034. Is v a composite number?
False
Let t(h) be the second derivative of 2*h**3/3 - 9*h**2/2 + 6*h. Let u be t(5). Suppose 7*k + 1036 = u*k. Is k a composite number?
True
Suppose 0 = 3*v - 6042 + 1437. Suppose 3*n - 5 = 1. Suppose -n*j - v = -7*j. Is j prime?
True
Let m(g) = 1 - 76*g + 500*g**2 + 0 + 72*g. Is m(1) a prime number?
False
Suppose n + 6502 = y + 6*n, 5*y = 4*n + 32423. Is y prime?
False
Let b = -29994 + 64592. Is b prime?
False
Let y(o) = -o**3 - 20*o**2 + 9*o + 37. Is y(-40) a composite number?
True
Suppose -2*b = -4*j - 14, j - 2*b = -7*b - 20. Let f = 11 + j. Suppose -f + 2 = n, -4*n = 2*g - 406. Is g a prime number?
True
Suppose 2*a = -2*t - 3*a - 557, 5*t - 5*a = -1480. Suppose 19*o - 4*l + 134 = 20*o, 5*o - 5*l - 570 = 0. Let r = o - t. Is r a composite number?
False
Suppose 12*f - 7*f - 30 = 0. Suppose 2502 = f*o - 3*o + 3*q, 0 = -o - 3*q + 840. Is o prime?
False
Let p = 552 - -602. Is p a composite number?
True
Let h(d) = d**3 - 6*d**2 + 6*d - 1. Let i be h(5). Let u be 3 + (-2 - (-1)/(-1)). Suppose -2*f + 3*o + 263 = -f, -i*o = u. Is f a prime number?
True
Is (-6)/(-15) + (-3987)/(-5)*9 a composite number?
False
Let r be (-1 - -3) + (2 + 1)*-1271. Let m = 5405 + r. Is m a composite number?
True
Suppose 5*r - 3*d + 5*d + 7 = 0, -5*d = 2*r + 7. Let i be r/(-3) - 42/(-9). Suppose 3 = -y - 2, 0 = u - i*y - 71. Is u composite?
True
Let n = 8411 - -7736. Is n composite?
True
Let a be (9 - 1) + (3 - (-1 - -6)). Let y(j) = -j**2. Let o(b) = -b**2 + 6*b - 5. Let f(q) = -o(q) - 5*y(q). Is f(a) a composite number?
True
Suppose 3 - 4 = b. Let y be (-5 - -6)*(2 - b). Suppose -4*q = -2*s - 95 - 139, -y*q = -3*s - 180. Is q a prime number?
False
Suppose 0 = 5*b - 13*b. Suppose b*i + 7*i - 3101 = 0. Is i a composite number?
False
Let w = 12 - 26. Let k = w + 34. Let z = k - 1. Is z a composite number?
False
Suppose 3*g + 18 = g. Let q be (g/(-3) - -347)*1. Let w = 669 - q. Is w prime?
False
Let g(q) be the third derivative of 3*q**5/20 - q**4/8 + q**3/2 - 9*q**2. Is g(2) a composite number?
True
Let q(m) = m**3 + 24*m**2 + 4*m - 26. Let a be q(-20). Let r = a + -1015. Is r prime?
True
Suppose 0 = -2*g + x + 760, 0*g - 5*x = 2*g - 760. Let f = g + -219. Suppose 7*k - 6*k - f = 0. Is k composite?
True
Let x = -19503 - -32766. Is x a composite number?
True
Suppose -5*g = -3*q - 220, q = -2*g - 3*q + 62. Suppose g*d - 39*d = 170. Is d composite?
True
Let j = 582 - -170. Is j - 3/(-6)*-6 a prime number?
False
Let l be 1*-4 + (-11)/(11/210). Suppose c = 2*a + 2 - 0, 0 = 3*a - c + 3. Is l/(-5) + a/(-5) a composite number?
False
Suppose -2*f + 1 = l - 2, 2*l = 2*f - 6. Suppose -3*u + 7 = -f. Is (-94)/u*(-18)/12 prime?
True
Let f = -44 - -35. Is ((-21255)/f - 1) + 1/3 a prime number?
False
Let u(l) = l - 12. Let q be u(14). Suppose -103 = -q*x + 319. Is x composite?
False
Suppose -12 = -3*a, 4*a - 9 = z + 7. Let m = -3 - -6. Suppose z = 2*y + m*o + 2*o - 298, -3*o = -y + 149. Is y a composite number?
False
Let r = 245 - -132. Is r a composite number?
True
Let r(p) = 5*p - 3. Let s be r(2). Suppose 3*n + s*c - 2*c - 1927 = 0, 2*n - 1306 = 2*c. Is n prime?
False
Let c = 190 + -81. Suppose -107*z + c*z = 4310. Is z prime?
False
Let c = -2054 + 13297. Is c a composite number?
False
Suppose -j = 3*b - 2574 + 15454, -3*j + 8594 = -2*b. Is b/(-4) + (-4)/8 a prime number?
False
Let b(t) = t**2 + 14*t + 5. Let i be b(-13). Is -4*1/i*1282 prime?
True
Suppose 13*d - 3714 = 3280. Is d a prime number?
False
Suppose 0 = -2*s + 2*t + 716, -17*s = -21*s - 3*t + 1397. Is s a prime number?
True
Suppose 3*i - c = -5, 3*c - 2 - 8 = 4*i. Is i*(-1)/(2/2426) composite?
False
Suppose -6*j = -3*j - 642. Let t be (2 - j/(-3))*-3. Let y = -141 - t. Is y composite?
False
Let c = -108 - -108. Suppose -3*h + 1463 - 236 = c. Is h a prime number?
True
Suppose -30*u + 175534 = -181556. Is u a composite number?
False
Let p(y) = 2*y**3 - 3*y**2 + 3*y - 7. Suppose r = 22 - 16. Is p(r) composite?
True
Let u(v) = -28*v - 2. Let q be u(-1). Let m be 7761/q*4/(-3). Let a = -135 - m. Is a composite?
False
Is (-9 + 715/(-35))/((-2)/7) a composite number?
False
Let v = -162 - -739. Suppose 0 = 5*g - v - 18. Is g a prime number?
False
Let f(g) = -3*g**2 - 19 + 11*g - g**3 + 5*g**2 + 14*g**2. Let s(l) = -2*l**2 - 19*l + 269. Let u be s(-17). Is f(u) composite?
True
Let l(k) = 3*k**3 + 83*k**2 - 55*k - 22. Is l(-27) prime?
False
Let m(p) = -p**2 + 4*p + 1. Let s be m(4). Is 136 - (3 + s + -2) composite?
True
Let i(h) = -7*h**3 - 6*h + 3*h**3 + 5*h**3 + 5*h**2 + 3. Is i(5) prime?
True
Let s(t) = -3204*t**3 - 4*t**2 - 2*t - 1. Let f be s(-1). Suppose -4 = 2*a, 3*a - f = -5*n + 14608. Is n prime?
False
Let x = 34 + -26. Suppose -x*i = -24772 + 2220. Is i prime?
True
Suppose -30 = 3*b - 8*b. Let k = b + -3. Suppose -309 = -k*w - 87. Is w a composite number?
True
Let t = -7 - -7. Let q(w) = -2*w - 22. Let c(f) = 1. Let x(k) = -3*c(k) - q(k). Is x(t) prime?
True
Let m(y) = -y**3 - 12*y**2 - 21*y - 12. Let n be m(-9). Is (-1298)/n*(2 - -1) prime?
True
Let m = -17771 + 27610. Is m composite?
False
Let s(a) = -a**2 + 5*a + 1. Let k be s(5). Let r be 3 - (-1 + k)/(-3). Suppose r*z = -2*z + 75. Is z a composite number?
True
Let q = 8245 - -11584. Is q a composite number?
True
Let c = -487 + 907. Suppose -x = -5*o + 1 + 317, 3*x + 884 = o. Let i = x + c. Is i a composite number?
False
Suppose 2*m - 4 = -12. Is ((-2)/m)/((-18)/(-4572)) a composite number?
False
Suppose -22*b + 29231 + 45327 = 0. Is b prime?
True
Suppose -5284 = -2*r + 13738. Is r a composite number?
False
Suppose -b + 228 = -313. Is b comp